5)/((-60)/(-9)))*4. Let d be g(q). Calculate the greatest common divisor of 656 and d.
16
Let t(o) = -o**2 + 22*o + 9. Let v be t(14). Let a = v + -124. Let z be (-4 - a) + -4 + 38. What is the highest common factor of 77 and z?
11
Let g be (5 - 5)*(-1 + 0/4). Suppose -16*f - 59 + 363 = g. Calculate the greatest common divisor of f and 76.
19
Let a = -18334 - -28028. What is the greatest common factor of a and 148?
74
Let h(o) = -46*o**3 - 4*o**2 + 6*o + 17. Let d be h(-4). Calculate the greatest common divisor of 136 and d.
17
Let l = -33 - -46. Suppose -4*z - 1 + l = 0. Suppose -52 = -z*d + 113. What is the highest common divisor of d and 11?
11
Let t = 8 + 52. Suppose 0 = 29*p + 40 - 2940. What is the highest common factor of t and p?
20
Suppose -31*t + 3179 = -3672. Let p = -198 + t. What is the highest common divisor of p and 253?
23
Suppose -x = -3*m - 83, 0 = 2*x + 3*m + 137 - 204. Suppose -2 = -5*h + 8. Let s be 1/h + 38/4. Calculate the greatest common factor of s and x.
10
Let m = -287 - -291. Suppose 31 + 42 = m*u - b, -2*u + 4*b = -40. Suppose 2*w - 2*x - 322 = -0*x, w - 4*x = 158. What is the greatest common divisor of u and w?
18
Suppose -2394 = -14*r + 532. Suppose -156 = r*g - 215*g. Calculate the greatest common divisor of g and 832.
26
Let l be (-7 + (-5 - -4))*(60 + -62). Suppose -5*i + 5*x + 2550 = 0, -3*i + 1092 = 5*x - 454. Calculate the greatest common factor of i and l.
16
Suppose 0 = -2*j + 4*s - 26, -5*s = 2*j + j + 6. Let z(o) = -3*o - 15. Let y be z(j). Let q be 145/7 - 16/(-56). What is the greatest common divisor of y and q?
3
Let l be (125 + -31)/(-1 + 6/4). Calculate the highest common factor of 517 and l.
47
Suppose 3*i - 35 = 5*b, -4*b = -0*i + i + 11. Suppose i*c = -3*w + 215, 211 = 3*w + 2*c - c. What is the greatest common divisor of 14 and w?
14
Suppose 3 = -d + 17. Let s be 1 + 2 + 2/(-4)*-18. Suppose -3*x + s = 0, 0 = -4*j - 4*x + 47 + 53. What is the greatest common divisor of j and d?
7
Suppose 178 = -r - 2*g, 0*r - g + 901 = -5*r. Let l = 244 + r. What is the greatest common factor of 8 and l?
8
Suppose 5*x = -2*w - w + 69, 4*x = -2*w + 56. Let r = 7634 + -7619. What is the highest common factor of x and r?
15
Let s = -8536 + 11918. Calculate the highest common divisor of s and 114.
38
Let r(d) = -15*d**2 + 0 - 5 + 5*d**2 + d**3 + 10*d. Let f be r(9). Let u be -4*2/f*-116. What is the greatest common factor of u and 29?
29
Let h = 17400 + -17398. Suppose -2*b = 4*p - 100, p + 2*p - 162 = -3*b. What is the highest common factor of b and h?
2
Let j(n) = -n**2 - 12*n + 10. Suppose -u - 4*q - 3 = 0, 5*q = u - 5*u - 34. Let z be j(u). Calculate the greatest common factor of z and 273.
21
Let s = -263 - -307. Suppose -2*u + 4*u - 41 = -5*g, 0 = -4*g - 20. Calculate the greatest common divisor of u and s.
11
Let z be 9860/6902*1162/4. What is the highest common divisor of z and 2241?
83
Let s(f) = 3*f**2 + 2*f + 3. Let n be s(-2). Suppose 3 = w - n. Suppose -w = b - 86. What is the highest common factor of b and 9?
9
Let s = 5332 - 5331. Suppose 5 = -q - 0*q + 2*v, -3*v = -4*q - 15. Let z(h) = 2*h**2 + 2*h - 3. Let w be z(q). What is the highest common divisor of w and s?
1
Suppose 2*c - 4 = c. Suppose 0*i + 8 = -3*v + c*i, 2*v + 4*i = 8. Suppose -2*j - 2 = v, -w + 2*j = 4*w - 107. Calculate the highest common divisor of w and 21.
21
Let n be ((11 - 8) + 7)*(5 - (-15)/25). What is the highest common divisor of 212 and n?
4
Suppose -5*d = -3*f - 147, -34*d + 40*d - 150 = -3*f. Calculate the highest common divisor of d and 6183.
27
Suppose s + 5*u + 36 = 0, 0*s + 3*s - 3*u + 108 = 0. Let l be (-32)/s*63/(-6)*-3. Suppose -l = -0*n - n. What is the greatest common divisor of n and 7?
7
Let x = 72 + -50. Let q be (-2)/(x/(-6) - -3). Suppose 0*d - 61 = -3*d + 5*w, -q*w = -d + 23. Calculate the highest common factor of d and 136.
17
Let c be (-1 + (-156)/(-13))*-2*(-15)/2. Calculate the greatest common factor of c and 3432.
33
Let m be 95/6 + (-25)/(-150). Suppose -m*g = -15*g - 108. Calculate the greatest common factor of g and 27.
27
Let b(z) = -19*z + 50. Suppose -w + 0 = 8. Let h be b(w). Suppose 18*n + h = 742. Calculate the highest common divisor of 75 and n.
15
Suppose -3*x + 1120 = 5*k, -2*k - 2*k = -2*x + 754. What is the greatest common factor of x and 525?
75
Suppose 5*b = x - 197, -5*b = 2*x - 322 - 87. What is the highest common factor of 2 and x?
2
Suppose 5*s - 616 - 384 = 0. Calculate the greatest common factor of s and 40.
40
Suppose -7556 = -y + 2*s, 0 = 273*y - 276*y - s + 22640. Calculate the highest common divisor of 17 and y.
17
Let k be 6 - 9592/(-110)*5. What is the greatest common factor of k and 6409?
221
Suppose 127*i = 260763 + 693261. Calculate the highest common factor of i and 72.
24
Let g = 168 - -318. Let r = 520 - g. Calculate the highest common factor of 442 and r.
34
Suppose 2*m - 417 = -3*c, 304 - 97 = m + 3*c. Calculate the highest common divisor of m and 182.
14
Let q(g) = -29*g + 200. Let f be q(7). Let k be (9 + f)/2 - -75. Calculate the greatest common factor of 52 and k.
26
Let g be -1 - -141 - ((-6)/2 - -1). Let x = 172 - g. What is the highest common factor of x and 10?
10
Suppose 9*t = 3*t + 12. Let j be (1342/5)/t + (-84)/(-105). Suppose 10*c - j - 195 = 0. What is the highest common factor of c and 66?
33
Let w be -3 + 16 + -3 + 2. Let y(l) = -9*l**2 + 142*l + 123. Let q be y(15). Calculate the highest common factor of w and q.
12
Let p = -173 + 179. Suppose p*h - 318 = 4*h. Calculate the greatest common divisor of 3 and h.
3
Suppose -5*y = 0, -2*i + 4*y + 14 - 14 = 0. Let s be (1 - i - 7) + (-3434)/(-34). What is the highest common divisor of s and 209?
19
Suppose b - 3*y = 192, -2*y - 3*y - 564 = -3*b. Suppose 0 = 13*p - b + 1. What is the highest common factor of 28 and p?
14
Suppose 70 = 4*d - 42. Suppose 80245 = 47*z + 8*z. Let q = 1471 - z. Calculate the greatest common factor of d and q.
4
Let y = 589 + -351. Let n = y - 349. Let m be n/(4 + -5) - -5. What is the greatest common factor of m and 174?
58
Suppose -26 = 6*q - 9*q + 37. Calculate the greatest common factor of q and 19887.
21
Let y = 5125 + -4536. What is the highest common factor of y and 62?
31
Suppose -74*a - 35250 + 124050 = 0. Calculate the greatest common factor of 750 and a.
150
Let q be (((-156)/7)/13)/(3/(-56)). What is the greatest common factor of 21 and q?
1
Let s(x) = 182*x**2 - 3*x + 2. Let c = 17 + -16. Let h be s(c). Let p = h + -86. Calculate the greatest common factor of p and 19.
19
Let m = 302 - 219. Suppose 3*r = 4*f + 59, 4*r - 3*f + 2*f - m = 0. What is the greatest common factor of r and 3?
3
Let l(z) = 3 + z + 3*z - 7 - 4. Let o be l(5). Suppose -3*f + o = 0, -3*y - 4 = -4*f - 66. Calculate the highest common divisor of 182 and y.
26
Suppose 15*h - 8*h + 21 = 0. Let d be 63 + h + (-6 - -1). Suppose 5*x = 4*j - 0*j - 35, -x - 13 = -2*j. What is the highest common divisor of d and j?
5
Let d = -24 + 72. Let p = -32 + 74. Let c = p - -30. Calculate the greatest common divisor of d and c.
24
Suppose -11 = 5*b - 306. Let x = b + -52. Suppose -9*v = -x*v - 30. Calculate the greatest common factor of v and 6.
3
Let u be -4*((-125)/(-4) - 3). Let l = 212 + u. What is the greatest common factor of 27 and l?
9
Suppose 56*p - 1171 = -249 + 198. What is the highest common factor of p and 1620?
20
Let p be 2/6 + (-952)/102. Let m be (-6)/p - 152/(-6). Suppose -178 = -w - 2*l, -6*w + 920 = -w - 5*l. What is the greatest common divisor of m and w?
26
Let d(n) = n**2 - 28*n - 644. Let v be d(44). Calculate the greatest common divisor of 590 and v.
10
Suppose 5*i - 58 + 13 = 0. Suppose -3*y - z + 17 = -2*y, -y + 29 = -2*z. Let b be 186/y - 2/(-14). Calculate the highest common factor of i and b.
9
Let r(p) = -10*p**2 + 1292*p + 1362. Let w be r(130). Let t = 8 - -20. Calculate the highest common divisor of t and w.
14
Suppose -20*c + 218 + 22 = 0. Let k be c/(-84) - (-862)/7. Calculate the greatest common divisor of k and 3.
3
Let t be 27/63 + 106/14. Suppose 0 = t*c - 48 + 480. Let u = 93 + c. What is the greatest common divisor of 117 and u?
39
Let t(w) = w**2 - 29*w + 23. Let m be t(28). Let n be (-2 - m) + 205 + (4 - 2). Calculate the greatest common factor of 30 and n.
30
Suppose 0 